{"id":110,"date":"2025-10-15T15:06:23","date_gmt":"2025-10-15T15:06:23","guid":{"rendered":"https:\/\/facili-services.fr\/?page_id=110"},"modified":"2026-02-16T15:44:41","modified_gmt":"2026-02-16T15:44:41","slug":"qui-suis-je","status":"publish","type":"page","link":"https:\/\/facili-services.fr\/?page_id=110","title":{"rendered":"Qui sommes-nous"},"content":{"rendered":"\t\t<div data-elementor-type=\"wp-page\" data-elementor-id=\"110\" class=\"elementor elementor-110\">\n\t\t\t\t<div class=\"elementor-element elementor-element-007c90a e-flex e-con-boxed e-con e-parent\" data-id=\"007c90a\" data-element_type=\"container\" data-e-type=\"container\">\n\t\t\t\t\t<div class=\"e-con-inner\">\n\t\t<div class=\"elementor-element elementor-element-2da9340 e-con-full e-flex e-con e-child\" data-id=\"2da9340\" data-element_type=\"container\" data-e-type=\"container\">\n\t\t\t\t<div class=\"elementor-element elementor-element-7fbbf75 elementor-widget elementor-widget-text-editor\" data-id=\"7fbbf75\" data-element_type=\"widget\" data-e-type=\"widget\" data-widget_type=\"text-editor.default\">\n\t\t\t\t\t\t\t\t\t<h3 data-start=\"271\" data-end=\"288\">Qui sommes-nous ?<\/h3><p data-start=\"224\" data-end=\"431\"><strong><span class=\"hover:entity-accent entity-underline inline cursor-pointer align-baseline\"><span class=\"whitespace-normal\">Facili&rsquo;Services Asso<\/span><\/span><\/strong> est n\u00e9e d\u2019un constat simple : de nombreuses personnes se retrouvent seules face \u00e0 leurs d\u00e9marches administratives, en particulier au moment de leur retraite.<\/p><p data-start=\"433\" data-end=\"637\">Elle a \u00e9t\u00e9 fond\u00e9e par <strong data-start=\"455\" data-end=\"475\">Laurie et Mohand<\/strong>, avec la volont\u00e9 de proposer un accompagnement accessible, humain et de proximit\u00e9 pour faciliter l\u2019acc\u00e8s aux droits et rompre l\u2019isolement de certaines personnes.<\/p>\t\t\t\t\t\t\t\t<\/div>\n\t\t\t\t<\/div>\n\t\t<div class=\"elementor-element elementor-element-60b6529 e-con-full e-flex e-con e-child\" data-id=\"60b6529\" data-element_type=\"container\" data-e-type=\"container\">\n\t\t\t\t<div class=\"elementor-element elementor-element-5b89896 elementor-widget elementor-widget-image\" data-id=\"5b89896\" data-element_type=\"widget\" data-e-type=\"widget\" data-widget_type=\"image.default\">\n\t\t\t\t\t\t\t\t\t\t\t\t\t\t\t<img fetchpriority=\"high\" decoding=\"async\" width=\"500\" height=\"500\" src=\"https:\/\/facili-services.fr\/wp-content\/uploads\/2025\/10\/logo-FS.png\" class=\"attachment-large size-large wp-image-68\" alt=\"\" srcset=\"https:\/\/facili-services.fr\/wp-content\/uploads\/2025\/10\/logo-FS.png 500w, https:\/\/facili-services.fr\/wp-content\/uploads\/2025\/10\/logo-FS-300x300.png 300w, https:\/\/facili-services.fr\/wp-content\/uploads\/2025\/10\/logo-FS-150x150.png 150w\" sizes=\"(max-width: 500px) 100vw, 500px\" \/>\t\t\t\t\t\t\t\t\t\t\t\t\t\t\t<\/div>\n\t\t\t\t<\/div>\n\t\t\t\t\t<\/div>\n\t\t\t\t<\/div>\n\t\t<div class=\"elementor-element elementor-element-ce83eb4 e-flex e-con-boxed e-con e-parent\" data-id=\"ce83eb4\" data-element_type=\"container\" data-e-type=\"container\">\n\t\t\t\t\t<div class=\"e-con-inner\">\n\t\t\t\t<div class=\"elementor-element elementor-element-28c6108 elementor-widget elementor-widget-text-editor\" data-id=\"28c6108\" data-element_type=\"widget\" data-e-type=\"widget\" data-widget_type=\"text-editor.default\">\n\t\t\t\t\t\t\t\t\t<h3 data-start=\"827\" data-end=\"857\">Les parcours \u00e0 l&rsquo;origine du projet<\/h3><p data-start=\"682\" data-end=\"994\">Laurie a travaill\u00e9 pendant 15 ann\u00e9es au sein de la CNAV (Assurance Retraite), o\u00f9 elle a acquis une expertise approfondie des droits \u00e0 la retraite et du fonctionnement des r\u00e9gimes du secteur priv\u00e9. Elle accompagne aujourd\u2019hui les personnes dans leurs d\u00e9marches avec une approche p\u00e9dagogique, claire et rassurante.<\/p><p data-start=\"996\" data-end=\"1376\">Mohand, cofondateur et Pr\u00e9sident de l\u2019Association, dispose d\u2019une longue exp\u00e9rience en tant que DRH. Il conna\u00eet les r\u00e9alit\u00e9s du monde du travail, et les questions que soul\u00e8ve le passage \u00e0 la retraite. Son regard permet de mieux comprendre les situations individuelles et d\u2019apporter une approche globale, \u00e0 la fois administrative et humaine.<\/p><p data-start=\"1378\" data-end=\"1563\">De cette compl\u00e9mentarit\u00e9 est n\u00e9e l\u2019Association :<br data-start=\"1426\" data-end=\"1429\" \/>un lieu d\u2019\u00e9coute, d\u2019information et d\u2019accompagnement pour que chacun puisse aborder ses d\u00e9marches et sa retraite avec plus de s\u00e9r\u00e9nit\u00e9.<\/p>\t\t\t\t\t\t\t\t<\/div>\n\t\t\t\t\t<\/div>\n\t\t\t\t<\/div>\n\t\t<div class=\"elementor-element elementor-element-7d09519 e-flex e-con-boxed e-con e-parent\" data-id=\"7d09519\" data-element_type=\"container\" data-e-type=\"container\">\n\t\t\t\t\t<div class=\"e-con-inner\">\n\t\t<div class=\"elementor-element elementor-element-027fa47 e-con-full e-flex e-con e-child\" data-id=\"027fa47\" data-element_type=\"container\" data-e-type=\"container\">\n\t\t\t\t<div class=\"elementor-element elementor-element-b081574 elementor-widget elementor-widget-text-editor\" data-id=\"b081574\" data-element_type=\"widget\" data-e-type=\"widget\" data-widget_type=\"text-editor.default\">\n\t\t\t\t\t\t\t\t\t<h3 data-start=\"1329\" data-end=\"1344\">Ce que propose l&rsquo;Association<\/h3><p data-start=\"1603\" data-end=\"1817\">L\u2019Association d\u00e9veloppe des permanences d\u2019information et d\u2019orientation autour des d\u00e9marches administratives et de la retraite, afin d\u2019aider les personnes \u00e0 comprendre leurs droits et \u00e0 avancer dans leurs d\u00e9marches.<\/p><p data-start=\"1819\" data-end=\"2146\">Elle propose \u00e9galement des temps d\u2019\u00e9changes et de convivialit\u00e9 destin\u00e9s aux seniors, afin de rompre l\u2019isolement et de maintenir le lien social. Des rencontres ponctuelles, ateliers ou moments conviviaux (comme des repas partag\u00e9s, des d\u00eeners dansants, ou temps de rencontre) pourront \u00eatre organis\u00e9s en fonction des partenariats locaux et des besoins.<\/p><p data-start=\"2148\" data-end=\"2293\">Ces actions s\u2019inscrivent dans une d\u00e9marche d\u2019utilit\u00e9 sociale :<br data-start=\"2210\" data-end=\"2213\" \/>faciliter l\u2019acc\u00e8s aux droits, renforcer l\u2019autonomie et favoriser le lien social.<\/p>\t\t\t\t\t\t\t\t<\/div>\n\t\t\t\t<\/div>\n\t\t<div class=\"elementor-element elementor-element-3cd9748 e-con-full e-flex e-con e-child\" data-id=\"3cd9748\" data-element_type=\"container\" data-e-type=\"container\">\n\t\t\t\t<div class=\"elementor-element elementor-element-a218c92 elementor-widget elementor-widget-image\" data-id=\"a218c92\" data-element_type=\"widget\" data-e-type=\"widget\" data-widget_type=\"image.default\">\n\t\t\t\t\t\t\t\t\t\t\t\t\t\t\t<img decoding=\"async\" width=\"1024\" height=\"684\" src=\"https:\/\/facili-services.fr\/wp-content\/uploads\/2025\/10\/mains.avif\" class=\"attachment-large size-large wp-image-118\" alt=\"\" \/>\t\t\t\t\t\t\t\t\t\t\t\t\t\t\t<\/div>\n\t\t\t\t<\/div>\n\t\t<div class=\"elementor-element elementor-element-6745dd0 e-con-full e-flex e-con e-child\" data-id=\"6745dd0\" data-element_type=\"container\" data-e-type=\"container\">\n\t\t\t\t<div class=\"elementor-element elementor-element-987dffe elementor-widget elementor-widget-text-editor\" data-id=\"987dffe\" data-element_type=\"widget\" data-e-type=\"widget\" data-widget_type=\"text-editor.default\">\n\t\t\t\t\t\t\t\t\t<h3 data-start=\"2019\" data-end=\"2048\">L&rsquo;esprit du projet<\/h3><p data-start=\"2050\" data-end=\"2190\">L\u2019association se construit progressivement, avec l\u2019objectif de d\u00e9velopper des actions utiles, accessibles et bienveillantes. Elle s\u2019appuie sur l\u2019\u00e9coute, la p\u00e9dagogie et la confiance pour permettre \u00e0 chacun de mieux comprendre ses d\u00e9marches et d\u2019avancer sereinement.<\/p>\t\t\t\t\t\t\t\t<\/div>\n\t\t\t\t<\/div>\n\t\t\t\t\t<\/div>\n\t\t\t\t<\/div>\n\t\t<div class=\"elementor-element elementor-element-4522cb2 e-flex e-con-boxed e-con e-parent\" data-id=\"4522cb2\" data-element_type=\"container\" data-e-type=\"container\">\n\t\t\t\t\t<div class=\"e-con-inner\">\n\t\t<div class=\"elementor-element elementor-element-d5dc902 e-con-full e-flex e-con e-child\" data-id=\"d5dc902\" data-element_type=\"container\" data-e-type=\"container\">\n\t\t\t\t<div class=\"elementor-element elementor-element-567006e elementor-widget elementor-widget-image\" data-id=\"567006e\" data-element_type=\"widget\" data-e-type=\"widget\" data-widget_type=\"image.default\">\n\t\t\t\t\t\t\t\t\t\t\t\t\t\t\t<img decoding=\"async\" width=\"861\" height=\"1024\" src=\"https:\/\/facili-services.fr\/wp-content\/uploads\/2025\/12\/lo-861x1024.jpg\" class=\"attachment-large size-large wp-image-846\" alt=\"\" srcset=\"https:\/\/facili-services.fr\/wp-content\/uploads\/2025\/12\/lo-861x1024.jpg 861w, https:\/\/facili-services.fr\/wp-content\/uploads\/2025\/12\/lo-252x300.jpg 252w, https:\/\/facili-services.fr\/wp-content\/uploads\/2025\/12\/lo-768x914.jpg 768w, https:\/\/facili-services.fr\/wp-content\/uploads\/2025\/12\/lo.jpg 975w\" sizes=\"(max-width: 861px) 100vw, 861px\" \/>\t\t\t\t\t\t\t\t\t\t\t\t\t\t\t<\/div>\n\t\t\t\t<\/div>\n\t\t<div class=\"elementor-element elementor-element-cddd129 e-con-full e-flex e-con e-child\" data-id=\"cddd129\" data-element_type=\"container\" data-e-type=\"container\">\n\t\t\t\t<div class=\"elementor-element elementor-element-7750375 elementor-widget elementor-widget-text-editor\" data-id=\"7750375\" data-element_type=\"widget\" data-e-type=\"widget\" data-widget_type=\"text-editor.default\">\n\t\t\t\t\t\t\t\t\t<h2 data-start=\"408\" data-end=\"451\">Accompagnement individuel compl\u00e9mentaire<\/h2><p data-start=\"453\" data-end=\"665\">En compl\u00e9ment des actions propos\u00e9es par <strong><span class=\"hover:entity-accent entity-underline inline cursor-pointer align-baseline\"><span class=\"whitespace-normal\">Facili&rsquo;Services Asso<\/span><\/span><\/strong>, un accompagnement individuel peut \u00eatre propos\u00e9 lorsque la situation n\u00e9cessite un suivi plus approfondi ou personnalis\u00e9.<\/p><p data-start=\"667\" data-end=\"772\">Ce service rel\u00e8ve d\u2019une activit\u00e9 professionnelle distincte du cadre associatif. Il concerne notamment :<\/p><ul data-start=\"773\" data-end=\"960\"><li data-start=\"773\" data-end=\"813\"><p data-start=\"775\" data-end=\"813\">l\u2019\u00e9tude compl\u00e8te de dossier retraite<\/p><\/li><li data-start=\"814\" data-end=\"854\"><p data-start=\"816\" data-end=\"854\">le suivi administratif individualis\u00e9<\/p><\/li><li data-start=\"855\" data-end=\"895\"><p data-start=\"857\" data-end=\"895\">les situations complexes ou urgentes<\/p><\/li><li data-start=\"896\" data-end=\"960\"><p data-start=\"898\" data-end=\"960\">les demandes hors zones ou hors permanences de l\u2019Association<\/p><\/li><\/ul><p data-start=\"962\" data-end=\"1043\">Cet accompagnement fait l\u2019objet de modalit\u00e9s sp\u00e9cifiques et d\u2019un devis pr\u00e9alable.<\/p><p data-start=\"1045\" data-end=\"1228\">L\u2019objectif reste inchang\u00e9 : permettre \u00e0 chacun de trouver la solution la plus adapt\u00e9e \u00e0 sa situation, dans un cadre associatif local ou dans le cadre d\u2019un accompagnement personnalis\u00e9.<\/p>\t\t\t\t\t\t\t\t<\/div>\n\t\t\t\t<\/div>\n\t\t\t\t\t<\/div>\n\t\t\t\t<\/div>\n\t\t\t\t<\/div>\n\t\t","protected":false},"excerpt":{"rendered":"<p>Qui sommes-nous ? Facili&rsquo;Services Asso est n\u00e9e d\u2019un constat simple : de nombreuses personnes se retrouvent seules face \u00e0 leurs [&hellip;]<\/p>\n","protected":false},"author":1,"featured_media":0,"parent":0,"menu_order":0,"comment_status":"closed","ping_status":"closed","template":"","meta":{"om_disable_all_campaigns":false,"_monsterinsights_skip_tracking":false,"_monsterinsights_sitenote_active":false,"_monsterinsights_sitenote_note":"","_monsterinsights_sitenote_category":0,"site-sidebar-layout":"no-sidebar","site-content-layout":"","ast-site-content-layout":"full-width-container","site-content-style":"default","site-sidebar-style":"default","ast-global-header-display":"","ast-banner-title-visibility":"","ast-main-header-display":"","ast-hfb-above-header-display":"","ast-hfb-below-header-display":"","ast-hfb-mobile-header-display":"","site-post-title":"disabled","ast-breadcrumbs-content":"","ast-featured-img":"disabled","footer-sml-layout":"","theme-transparent-header-meta":"","adv-header-id-meta":"","stick-header-meta":"","header-above-stick-meta":"","header-main-stick-meta":"","header-below-stick-meta":"","astra-migrate-meta-layouts":"default","ast-page-background-enabled":"default","ast-page-background-meta":{"desktop":{"background-color":"var(--ast-global-color-5)","background-image":"","background-repeat":"repeat","background-position":"center center","background-size":"auto","background-attachment":"scroll","background-type":"","background-media":"","overlay-type":"","overlay-color":"","overlay-opacity":"","overlay-gradient":""},"tablet":{"background-color":"","background-image":"","background-repeat":"repeat","background-position":"center center","background-size":"auto","background-attachment":"scroll","background-type":"","background-media":"","overlay-type":"","overlay-color":"","overlay-opacity":"","overlay-gradient":""},"mobile":{"background-color":"","background-image":"","background-repeat":"repeat","background-position":"center center","background-size":"auto","background-attachment":"scroll","background-type":"","background-media":"","overlay-type":"","overlay-color":"","overlay-opacity":"","overlay-gradient":""}},"ast-content-background-meta":{"desktop":{"background-color":"var(--ast-global-color-4)","background-image":"","background-repeat":"repeat","background-position":"center center","background-size":"auto","background-attachment":"scroll","background-type":"","background-media":"","overlay-type":"","overlay-color":"","overlay-opacity":"","overlay-gradient":""},"tablet":{"background-color":"var(--ast-global-color-4)","background-image":"","background-repeat":"repeat","background-position":"center center","background-size":"auto","background-attachment":"scroll","background-type":"","background-media":"","overlay-type":"","overlay-color":"","overlay-opacity":"","overlay-gradient":""},"mobile":{"background-color":"var(--ast-global-color-4)","background-image":"","background-repeat":"repeat","background-position":"center center","background-size":"auto","background-attachment":"scroll","background-type":"","background-media":"","overlay-type":"","overlay-color":"","overlay-opacity":"","overlay-gradient":""}},"footnotes":""},"class_list":["post-110","page","type-page","status-publish","hentry"],"yoast_head":"<!-- This site is optimized with the Yoast SEO plugin v26.9 - https:\/\/yoast.com\/product\/yoast-seo-wordpress\/ -->\n<title>Qui sommes-nous - Facili&#039;Services<\/title>\n<meta name=\"robots\" content=\"index, follow, max-snippet:-1, max-image-preview:large, max-video-preview:-1\" \/>\n<link rel=\"canonical\" href=\"https:\/\/facili-services.fr\/?page_id=110\" \/>\n<meta property=\"og:locale\" content=\"fr_FR\" \/>\n<meta property=\"og:type\" content=\"article\" \/>\n<meta property=\"og:title\" content=\"Qui sommes-nous - Facili&#039;Services\" \/>\n<meta property=\"og:description\" content=\"Qui sommes-nous ? Facili&rsquo;Services Asso est n\u00e9e d\u2019un constat simple : de nombreuses personnes se retrouvent seules face \u00e0 leurs [&hellip;]\" \/>\n<meta property=\"og:url\" content=\"https:\/\/facili-services.fr\/?page_id=110\" \/>\n<meta property=\"og:site_name\" content=\"Facili&#039;Services\" \/>\n<meta property=\"article:modified_time\" content=\"2026-02-16T15:44:41+00:00\" \/>\n<meta property=\"og:image\" content=\"https:\/\/facili-services.fr\/wp-content\/uploads\/2025\/10\/logo-FS.png\" \/>\n\t<meta property=\"og:image:width\" content=\"500\" \/>\n\t<meta property=\"og:image:height\" content=\"500\" \/>\n\t<meta property=\"og:image:type\" content=\"image\/png\" \/>\n<meta name=\"twitter:card\" content=\"summary_large_image\" \/>\n<meta name=\"twitter:label1\" content=\"Dur\u00e9e de lecture estim\u00e9e\" \/>\n\t<meta name=\"twitter:data1\" content=\"3 minutes\" \/>\n<script type=\"application\/ld+json\" class=\"yoast-schema-graph\">{\"@context\":\"https:\/\/schema.org\",\"@graph\":[{\"@type\":\"WebPage\",\"@id\":\"https:\/\/facili-services.fr\/?page_id=110\",\"url\":\"https:\/\/facili-services.fr\/?page_id=110\",\"name\":\"Qui sommes-nous - Facili&#039;Services\",\"isPartOf\":{\"@id\":\"https:\/\/facili-services.fr\/#website\"},\"primaryImageOfPage\":{\"@id\":\"https:\/\/facili-services.fr\/?page_id=110#primaryimage\"},\"image\":{\"@id\":\"https:\/\/facili-services.fr\/?page_id=110#primaryimage\"},\"thumbnailUrl\":\"https:\/\/facili-services.fr\/wp-content\/uploads\/2025\/10\/logo-FS.png\",\"datePublished\":\"2025-10-15T15:06:23+00:00\",\"dateModified\":\"2026-02-16T15:44:41+00:00\",\"breadcrumb\":{\"@id\":\"https:\/\/facili-services.fr\/?page_id=110#breadcrumb\"},\"inLanguage\":\"fr-FR\",\"potentialAction\":[{\"@type\":\"ReadAction\",\"target\":[\"https:\/\/facili-services.fr\/?page_id=110\"]}]},{\"@type\":\"ImageObject\",\"inLanguage\":\"fr-FR\",\"@id\":\"https:\/\/facili-services.fr\/?page_id=110#primaryimage\",\"url\":\"https:\/\/facili-services.fr\/wp-content\/uploads\/2025\/10\/logo-FS.png\",\"contentUrl\":\"https:\/\/facili-services.fr\/wp-content\/uploads\/2025\/10\/logo-FS.png\",\"width\":500,\"height\":500},{\"@type\":\"BreadcrumbList\",\"@id\":\"https:\/\/facili-services.fr\/?page_id=110#breadcrumb\",\"itemListElement\":[{\"@type\":\"ListItem\",\"position\":1,\"name\":\"Home\",\"item\":\"https:\/\/facili-services.fr\/\"},{\"@type\":\"ListItem\",\"position\":2,\"name\":\"Qui sommes-nous\"}]},{\"@type\":\"WebSite\",\"@id\":\"https:\/\/facili-services.fr\/#website\",\"url\":\"https:\/\/facili-services.fr\/\",\"name\":\"Facili&#039;Services\",\"description\":\"Assistante Administrative Ind\u00e9pendante pour vos demandes de Retraite.\",\"potentialAction\":[{\"@type\":\"SearchAction\",\"target\":{\"@type\":\"EntryPoint\",\"urlTemplate\":\"https:\/\/facili-services.fr\/?s={search_term_string}\"},\"query-input\":{\"@type\":\"PropertyValueSpecification\",\"valueRequired\":true,\"valueName\":\"search_term_string\"}}],\"inLanguage\":\"fr-FR\"}]}<\/script>\n<!-- \/ Yoast SEO plugin. -->","yoast_head_json":{"title":"Qui sommes-nous - Facili&#039;Services","robots":{"index":"index","follow":"follow","max-snippet":"max-snippet:-1","max-image-preview":"max-image-preview:large","max-video-preview":"max-video-preview:-1"},"canonical":"https:\/\/facili-services.fr\/?page_id=110","og_locale":"fr_FR","og_type":"article","og_title":"Qui sommes-nous - Facili&#039;Services","og_description":"Qui sommes-nous ? Facili&rsquo;Services Asso est n\u00e9e d\u2019un constat simple : de nombreuses personnes se retrouvent seules face \u00e0 leurs [&hellip;]","og_url":"https:\/\/facili-services.fr\/?page_id=110","og_site_name":"Facili&#039;Services","article_modified_time":"2026-02-16T15:44:41+00:00","og_image":[{"width":500,"height":500,"url":"https:\/\/facili-services.fr\/wp-content\/uploads\/2025\/10\/logo-FS.png","type":"image\/png"}],"twitter_card":"summary_large_image","twitter_misc":{"Dur\u00e9e de lecture estim\u00e9e":"3 minutes"},"schema":{"@context":"https:\/\/schema.org","@graph":[{"@type":"WebPage","@id":"https:\/\/facili-services.fr\/?page_id=110","url":"https:\/\/facili-services.fr\/?page_id=110","name":"Qui sommes-nous - Facili&#039;Services","isPartOf":{"@id":"https:\/\/facili-services.fr\/#website"},"primaryImageOfPage":{"@id":"https:\/\/facili-services.fr\/?page_id=110#primaryimage"},"image":{"@id":"https:\/\/facili-services.fr\/?page_id=110#primaryimage"},"thumbnailUrl":"https:\/\/facili-services.fr\/wp-content\/uploads\/2025\/10\/logo-FS.png","datePublished":"2025-10-15T15:06:23+00:00","dateModified":"2026-02-16T15:44:41+00:00","breadcrumb":{"@id":"https:\/\/facili-services.fr\/?page_id=110#breadcrumb"},"inLanguage":"fr-FR","potentialAction":[{"@type":"ReadAction","target":["https:\/\/facili-services.fr\/?page_id=110"]}]},{"@type":"ImageObject","inLanguage":"fr-FR","@id":"https:\/\/facili-services.fr\/?page_id=110#primaryimage","url":"https:\/\/facili-services.fr\/wp-content\/uploads\/2025\/10\/logo-FS.png","contentUrl":"https:\/\/facili-services.fr\/wp-content\/uploads\/2025\/10\/logo-FS.png","width":500,"height":500},{"@type":"BreadcrumbList","@id":"https:\/\/facili-services.fr\/?page_id=110#breadcrumb","itemListElement":[{"@type":"ListItem","position":1,"name":"Home","item":"https:\/\/facili-services.fr\/"},{"@type":"ListItem","position":2,"name":"Qui sommes-nous"}]},{"@type":"WebSite","@id":"https:\/\/facili-services.fr\/#website","url":"https:\/\/facili-services.fr\/","name":"Facili&#039;Services","description":"Assistante Administrative Ind\u00e9pendante pour vos demandes de Retraite.","potentialAction":[{"@type":"SearchAction","target":{"@type":"EntryPoint","urlTemplate":"https:\/\/facili-services.fr\/?s={search_term_string}"},"query-input":{"@type":"PropertyValueSpecification","valueRequired":true,"valueName":"search_term_string"}}],"inLanguage":"fr-FR"}]}},"_links":{"self":[{"href":"https:\/\/facili-services.fr\/index.php?rest_route=\/wp\/v2\/pages\/110","targetHints":{"allow":["GET"]}}],"collection":[{"href":"https:\/\/facili-services.fr\/index.php?rest_route=\/wp\/v2\/pages"}],"about":[{"href":"https:\/\/facili-services.fr\/index.php?rest_route=\/wp\/v2\/types\/page"}],"author":[{"embeddable":true,"href":"https:\/\/facili-services.fr\/index.php?rest_route=\/wp\/v2\/users\/1"}],"replies":[{"embeddable":true,"href":"https:\/\/facili-services.fr\/index.php?rest_route=%2Fwp%2Fv2%2Fcomments&post=110"}],"version-history":[{"count":78,"href":"https:\/\/facili-services.fr\/index.php?rest_route=\/wp\/v2\/pages\/110\/revisions"}],"predecessor-version":[{"id":1009,"href":"https:\/\/facili-services.fr\/index.php?rest_route=\/wp\/v2\/pages\/110\/revisions\/1009"}],"wp:attachment":[{"href":"https:\/\/facili-services.fr\/index.php?rest_route=%2Fwp%2Fv2%2Fmedia&parent=110"}],"curies":[{"name":"wp","href":"https:\/\/api.w.org\/{rel}","templated":true}]}}